vided by 19.
10
What is the remainder when 134 is divided by 62?
10
What is the remainder when 161 is divided by 28?
21
Calculate the remainder when 2412 is divided by 142.
140
Calculate the remainder when 110 is divided by 28.
26
What is the remainder when 406 is divided by 86?
62
What is the remainder when 219 is divided by 47?
31
Calculate the remainder when 88 is divided by 31.
26
What is the remainder when 60 is divided by 13?
8
What is the remainder when 2039 is divided by 2034?
5
What is the remainder when 460 is divided by 11?
9
What is the remainder when 14 is divided by 4?
2
Calculate the remainder when 2505 is divided by 105.
90
What is the remainder when 323 is divided by 315?
8
What is the remainder when 738 is divided by 26?
10
Calculate the remainder when 1168 is divided by 90.
88
What is the remainder when 1957 is divided by 11?
10
Calculate the remainder when 297 is divided by 16.
9
Calculate the remainder when 1441 is divided by 344.
65
What is the remainder when 250 is divided by 14?
12
Calculate the remainder when 122 is divided by 12.
2
Calculate the remainder when 1613 is divided by 95.
93
What is the remainder when 4209 is divided by 1051?
5
What is the remainder when 26508 is divided by 7?
6
What is the remainder when 723 is divided by 22?
19
Calculate the remainder when 3126 is divided by 23.
21
What is the remainder when 601 is divided by 43?
42
What is the remainder when 776 is divided by 148?
36
Calculate the remainder when 782 is divided by 256.
14
What is the remainder when 10913 is divided by 6?
5
Calculate the remainder when 85 is divided by 14.
1
What is the remainder when 1404 is divided by 22?
18
What is the remainder when 3171 is divided by 61?
60
What is the remainder when 21 is divided by 8?
5
What is the remainder when 166 is divided by 6?
4
Calculate the remainder when 407 is divided by 51.
50
Calculate the remainder when 1810 is divided by 62.
12
What is the remainder when 42 is divided by 9?
6
What is the remainder when 397 is divided by 392?
5
What is the remainder when 1603 is divided by 115?
108
What is the remainder when 502 is divided by 24?
22
What is the remainder when 1031 is divided by 6?
5
Calculate the remainder when 777 is divided by 78.
75
Calculate the remainder when 2046 is divided by 2038.
8
Calculate the remainder when 600 is divided by 73.
16
What is the remainder when 963 is divided by 51?
45
Calculate the remainder when 21757 is divided by 68.
65
What is the remainder when 81 is divided by 28?
25
What is the remainder when 334 is divided by 12?
10
What is the remainder when 338 is divided by 86?
80
What is the remainder when 13459 is divided by 264?
259
What is the remainder when 306 is divided by 214?
92
What is the remainder when 1150 is divided by 198?
160
What is the remainder when 205 is divided by 199?
6
Calculate the remainder when 41 is divided by 27.
14
Calculate the remainder when 742 is divided by 121.
16
What is the remainder when 1451 is divided by 98?
79
What is the remainder when 992 is divided by 67?
54
Calculate the remainder when 1723 is divided by 114.
13
Calculate the remainder when 106 is divided by 57.
49
Calculate the remainder when 1216 is divided by 27.
1
Calculate the remainder when 1427 is divided by 100.
27
What is the remainder when 433 is divided by 294?
139
What is the remainder when 104 is divided by 35?
34
Calculate the remainder when 2045 is divided by 147.
134
Calculate the remainder when 1383 is divided by 66.
63
Calculate the remainder when 85 is divided by 14.
1
Calculate the remainder when 16287 is divided by 2714.
3
What is the remainder when 70 is divided by 40?
30
Calculate the remainder when 49 is divided by 13.
10
What is the remainder when 57 is divided by 51?
6
Calculate the remainder when 6515 is divided by 650.
15
What is the remainder when 332 is divided by 38?
28
Calculate the remainder when 2237 is divided by 7.
4
What is the remainder when 1231 is divided by 88?
87
What is the remainder when 95 is divided by 24?
23
What is the remainder when 2752 is divided by 106?
102
What is the remainder when 13419 is divided by 22?
21
What is the remainder when 72 is divided by 30?
12
What is the remainder when 104 is divided by 30?
14
Calculate the remainder when 359 is divided by 46.
37
What is the remainder when 444 is divided by 35?
24
Calculate the remainder when 229 is divided by 23.
22
Calculate the remainder when 103 is divided by 11.
4
What is the remainder when 117 is divided by 38?
3
What is the remainder when 749 is divided by 31?
5
What is the remainder when 213 is divided by 9?
6
What is the remainder when 414 is divided by 66?
18
Calculate the remainder when 338 is divided by 11.
8
What is the remainder when 167 is divided by 42?
41
Calculate the remainder when 1053 is divided by 116.
9
Calculate the remainder when 119 is divided by 30.
29
Calculate the remainder when 105 is divided by 41.
23
What is the remainder when 1304 is divided by 32?
24
Calculate the remainder when 240 is divided by 15.
0
What is the remainder when 151 is divided by 10?
1
Calculate the remainder when 46 is divided by 3.
1
Calculate the remainder when 2676 is divided by 244.
236
Calculate the remainder when 99 is divided by 39.
21
What is the remainder when 46 is divided by 12?
10
Calculate the remainder when 91 is divided by 33.
25
What is the remainder when 985 is divided by 21?
19
Calculate the remainder when 431 is divided by 90.
71
What is the remainder when 1714 is divided by 61?
6
Calculate the remainder when 340 is divided by 9.
7
Calculate the remainder when 835 is divided by 22.
21
What is the remainder when 372 is divided by 55?
42
Calculate the remainder when 44862 is divided by 15.
12
What is the remainder when 383 is divided by 126?
5
What is the remainder when 99 is divided by 13?
8
What is the remainder when 319 is divided by 101?
16
What is the remainder when 387 is divided by 45?
27
What is the remainder when 354 is divided by 146?
62
What is the remainder when 395 is divided by 44?
43
What is the remainder when 28 is divided by 6?
4
What is the remainder when 434 is divided by 72?
2
Calculate the remainder when 298 is divided by 73.
6
Calculate the remainder when 222 is divided by 59.
45
What is the remainder when 97 is divided by 33?
31
Calculate the remainder when 67366 is divided by 101.
100
What is the remainder when 75 is divided by 53?
22
Calculate the remainder when 299 is divided by 30.
29
What is the remainder when 1223 is divided by 151?
15
What is the remainder when 69 is divided by 29?
11
What is the remainder when 608 is divided by 150?
8
What is the remainder when 491 is divided by 89?
46
What is the remainder when 384 is divided by 375?
9
What is the remainder when 454 is divided by 24?
22
Calculate the remainder when 836 is divided by 30.
26
What is the remainder when 1206 is divided by 203?
191
What is the remainder when 234 is divided by 58?
2
Calculate the remainder when 100 is divided by 39.
22
What is the remainder when 1468 is divided by 1465?
3
What is the remainder when 685 is divided by 13?
9
What is the remainder when 366 is divided by 23?
21
What is the remainder when 1702 is divided by 5?
2
What is the remainder when 3089 is divided by 19?
11
Calculate the remainder when 3 is divided by 1.
0
Calculate the remainder when 6075 is divided by 62.
61
What is the remainder when 77 is divided by 29?
19
What is the remainder when 2045 is divided by 108?
101
What is the remainder when 63437 is divided by 40?
37
Calculate the remainder when 3956 is divided by 120.
116
What is the remainder when 85 is divided by 13?
7
Calculate the remainder when 1329 is divided by 111.
108
Calculate the remainder when 119 is divided by 49.
21
What is the remainder when 462 is divided by 265?
197
Calculate the remainder when 1905 is divided by 83.
79
Calculate the remainder when 471 is divided by 228.
15
What is the remainder when 323 is divided by 22?
15
What is the remainder when 851 is divided by 360?
131
What is the remainder when 37687 is divided by 51?
49
Calculate the remainder when 271 is divided by 5.
1
What is the remainder when 143 is divided by 11?
0
What is the remainder when 978 is divided by 70?
68
What is the remaind